 f = -5 - -2. Let u = 0 - f. Suppose 5*j - h - 26 = 0, -u*h - h = -2*j + 14. Determine q(j).
-6
Let n(r) = -2 - 5 + r + 5. Let t(k) = k**2 + 2*k + 1. Let w be t(-3). Let z be -2 + w + (1 - 2). Determine n(z).
-1
Let x(v) = -3*v + 31. Let t be x(10). Let y(p) = -4*p. Calculate y(t).
-4
Let u(k) be the second derivative of 5*k**3/6 - 8*k. Suppose -1 = -l, -2*b - l + 0*l - 3 = 0. Give u(b).
-10
Let i = 7 - 5. Let l(u) = -3 - 3*u**i - 2*u**3 + 4*u + 0*u**3 + u**3. Let c be -5*(4/5 - 0). Calculate l(c).
-3
Suppose -5*d - 7 + 32 = 0. Let l(t) = -t + 7. Calculate l(d).
2
Let b(q) = -q**2 + 7*q + 10. Let w be b(7). Suppose z - 5*c - 8 = -c, w = -z - 2*c. Let u(a) = -2*a - 4. What is u(z)?
4
Let w(i) = -9*i + 41*i - 11 - 15*i - 15*i. Calculate w(9).
7
Let j(f) = 2*f**3 + 2*f**2 - 6*f - 4. Let k(s) = -s**3 - s**2 + 3*s + 2. Let n(t) = -3*j(t) - 5*k(t). Determine n(-2).
0
Let m(k) = -k**3 - 5*k**2 - 4*k - 5. Let j be (-6)/(-21) - (-228)/(-14). Let u(p) = -p - 20. Let a be u(j). Give m(a).
-5
Let a be (-3)/(-3) + 3/3. Let g be (-3)/(-6)*a*-6. Let d(j) = -j**3 - 6*j**2 + 2*j + 8. Calculate d(g).
-4
Let u(m) = -m**2 - m + 1. Let d = 9 + -12. Calculate u(d).
-5
Let g be 2 - (-1)/2*-4. Let y be g + -3 + (-3)/(-3). Let v(j) = j**2 + j + 1. Let q be v(y). Let d(o) = -2*o + 2. What is d(q)?
-4
Suppose q = -4*q. Let b = q - -1. Let n(c) = 15 + 83*c + 4*c**2 - 14 - 84*c. Determine n(b).
4
Let v(k) be the third derivative of k**5/60 + k**4/12 + k**3/6 - k**2. Let y = -150 + 149. Calculate v(y).
0
Let z(j) = -2*j**3 - 14*j**2 - 11*j - 2. Let x be z(-6). Let t(g) = g + 18. What is t(x)?
10
Let w(r) = 3*r**3 + 8*r**2 - 7*r + 4. Let i(n) = -n**3 - n**2. Let t(p) = -2*i(p) - w(p). What is t(-7)?
-4
Suppose -m + 2*b + 4 = 2*m, 5*b = -4*m + 13. Let q(n) be the third derivative of n**4/6 - n**3/3 + 5*n**2. Calculate q(m).
6
Let p(z) = -6 + z**2 + 3 - 1 + 3*z. Let v be (-1 + 1)/(1 + 0). Suppose v = -4*b + 3*b - 5. Give p(b).
6
Suppose 10 = 5*y, -2*t + 3*y - 7 = 5. Let x(h) = h**2 - 8*h + 7. Let a(z) = 2*z**2 - 9*z + 8. Let d(n) = t*x(n) + 2*a(n). What is d(-5)?
-10
Suppose 30*b + 2 = 31*b. Let j(z) be the third derivative of z**6/120 + z**5/60 + z**4/24 - z**3/3 + z**2. Calculate j(b).
12
Let u be ((-1)/(-1))/(3/9). Suppose y = -u + 2. Let o(l) = 4 - 4 + 1 + 4*l**2 + 2*l. Determine o(y).
3
Let q(g) be the first derivative of -2*g**3/3 + 5*g**2/2 + 4*g + 2. Let v = -6 + 9. Suppose 5*t - 3*i - 29 = 0, 0 = -v*t - 0*i - 4*i. Determine q(t).
-8
Let t = 37 - 38. Let o(i) be the second derivative of -4*i**3/3 - i**2/2 + i. What is o(t)?
7
Let t(q) = -11*q + 2. Let h(s) = 10*s - 1. Let y(d) = -3*h(d) - 2*t(d). Let o(b) = -b**2 - 5*b - 1. Let v be o(-5). What is y(v)?
7
Let k be (-15)/(-6)*16/10. Let b(d) = 7*d + 4 - d**2 + 1 - 5*d. What is b(k)?
-3
Let q(o) = -14*o**3 + 2*o**2 - 5*o + 26. Let r(m) = -5*m**3 + m**2 - 2*m + 9. Let x = 9 + -3. Let j(h) = x*q(h) - 17*r(h). Calculate j(4).
3
Let i(u) = 3*u + 6*u**2 - 15 + 12 - 3*u**2 - 2*u**2. Let y = 3 + -1. Let n be (0 + 1)*y/1. Give i(n).
7
Let d(v) be the second derivative of -v**3/6 + v**2 - 5*v. What is d(3)?
-1
Let z(d) = 2*d + 1. Let c(y) = y**3 - 2*y - 1. Let q be c(-1). Let g be (-1 - 1) + (q - -1). Determine z(g).
-1
Suppose 22 = 4*y - 3*g, g = -y - 3*g + 15. Suppose 3 = -5*n - y. Let u(i) = 9 - i + 3*i - 9. Give u(n).
-4
Suppose -2*l + 10 - 2 = 5*d, -5*l + 20 = -4*d. Let b(n) = n + d*n + 0*n. What is b(-5)?
-5
Let p(h) = h**2 - 10*h + 7. Let n be p(9). Let i(z) = z + 4. Let y be i(n). Let j(a) = a + 1 - 4 + y. What is j(2)?
1
Let j(s) be the second derivative of -1/6*s**3 - 6*s - 6*s**2 - 1/20*s**5 + 0 - 1/12*s**4. Determine j(0).
-12
Let f = -1 - -5. Let d(y) = -3*y**2 - y + 2. Let o(x) = 5*x**2 + x - 3. Let h(i) = -8*d(i) - 5*o(i). What is h(f)?
-5
Let g(d) be the first derivative of -d**4/4 + 5*d**3/3 + 4*d**2 + 2*d - 6. Give g(6).
14
Suppose -5*t + 2*l = -0*l + 2, t - 3 = -3*l. Let p(y) = -2*y - 2. Let w(r) = 3*r + 3. Let s(n) = -8*p(n) - 5*w(n). What is s(t)?
1
Let b = 2 + 3. Suppose 15 = 3*o - 0*o, b*i + 3*o = 40. Let c(l) = l**3 - 6*l**2 + 7*l - 4. Calculate c(i).
6
Let z(a) = -a + 7 + 3 - 4. Suppose -4 = -t + 3. Determine z(t).
-1
Let v(d) = -d**2 - 5*d - 1. Let h(s) = -s**2 - 3*s + 23. Let o be h(-7). Determine v(o).
-1
Let t(j) = -j**3 - 4*j**2 + j - 1. Let g = -44 + 56. Let o = 3 - 5. Let b be o/((-2)/g*-4). Give t(b).
-13
Suppose 0 = 5*z - 120 + 160. Let c(p) = -p - 10. Calculate c(z).
-2
Let d(p) = 3*p**2 + 7*p - 9. Let f(h) = h**2 - 1. Let b(r) = -d(r) + 4*f(r). What is b(6)?
-1
Let k(r) = -r + 7*r - 3 + 24*r**2 + 21*r**2 - 44*r**2. What is k(-6)?
-3
Let o(w) = w + 2. Let r(b) = 2*b + 3. Let i(g) = -5*o(g) + 2*r(g). Calculate i(-7).
3
Let p(l) = 8*l**2 + 11*l + 10. Let s(v) = -v**2 - v - 1. Suppose 5*m = -0 - 5. Let a(g) = m*p(g) - 6*s(g). What is a(-3)?
-7
Let j be 0 + 2 - (-4 - -4). Let v(w) be the first derivative of -j*w - 3 + 1/2*w**2. Calculate v(4).
2
Let z(k) = -2*k**2 - 2*k + 1. Let c(t) = -4*t**2 + 1. Let i be c(-1). Let w(o) = -o - 9. Let m be w(0). Let s be -2*3/m*i. Determine z(s).
-3
Let s(m) = m**3 - m**2 - 1. Suppose 0 = -5*x + u + 5, 3*x - 3 = -2*u - u. Let i be 0/((x - 0) + -2). What is s(i)?
-1
Let v(b) = b**2 + 2*b - 3. Let p be v(2). Suppose -6*d = -d + p. Let l(u) = -u**2 + 1. Determine l(d).
0
Let u(b) be the second derivative of b**4/12 - 5*b**2 + 32*b. What is u(0)?
-10
Let y = -1 - -6. Let c(k) be the first derivative of 1 + 5/3*k**3 - k**2 - 1/4*k**4 + 7*k. Calculate c(y).
-3
Let r(o) be the second derivative of 4*o + 0 + 1/2*o**2 + 1/3*o**3 + 1/3*o**4 + 1/20*o**5. Determine r(-4).
-7
Let s(y) = -y**3 + 4*y**2 - 3*y. Let p(x) = -x**3 - 9*x**2 + 3. Let i be p(-9). What is s(i)?
0
Let u be (3/2)/((-6)/(-8)). Let y(p) be the third derivative of -p**6/60 + p**5/30 + p**4/8 - p**3/3 - 47*p**2. Calculate y(u).
-4
Suppose 2*s + s = 9. Suppose 0 = s*l - 8*l. Let d(p) = 2 - p**2 + 0*p**3 - p**3 + 2*p**3. Calculate d(l).
2
Let p(w) be the third derivative of -w**6/120 + w**5/20 - w**3/6 - w**2. Let h(l) = -l**2 - 4*l + 7. Let n be h(-5). Calculate p(n).
3
Suppose 5*v - 2 = -0*v + 2*k, 3*v - 2*k + 2 = 0. Let b(x) be the first derivative of -2*x**2 + 3*x - 1. Determine b(v).
-5
Let i(a) = 3*a - 20. Let p be i(8). Let l(b) = -b**2 + 3*b - 5. Determine l(p).
-9
Suppose f + 1 = 2. Let q be 2*(f + 0 + 1). Let x(y) = -6 + y + 4*y - 3*y. Calculate x(q).
2
Let g(u) be the second derivative of -u**4/2 - u**2/2 - u. Suppose -5*x + 4*x + 3 = t, 2*t - 3*x = -4. Calculate g(t).
-7
Let o(b) = 2*b**2 + 2*b - 3. Let j(g) = -3*g + 4. Let p(s) = -s**2 + s - 1. Let z(x) = -j(x) - p(x). Let n(m) = -2*o(m) + 3*z(m). Give n(2).
-3
Let j(g) = -g**2 - 10*g - 12. Let o be j(-8). Suppose m - 5*m + 5*t + 8 = 0, -2*t = 2*m - o. Let x(k) = k - 1. What is x(m)?
1
Let y be (3 - 0 - 4)/1. Let i = -2 + y. Let k(s) = 3*s + 1. Determine k(i).
-8
Let j(m) = -m**2 - 2*m - 2. Let k be j(-2). Let r(z) = 2*z**2 + 3*z + 2. Let a be r(k). Let y be -3 - (-1 - 0)*a. Let b(v) = -5*v**2 - 1. What is b(y)?
-6
Let s(u) = -2 + 3 + 0*u**2 - u + u**2. Let c be 3/6*-2 + 6. Let j be (c - 4)*(-3)/(-1). Calculate s(j).
7
Let s = 1 + -5. Let h(p) = p**3 + 3*p**2 - 7*p - 10. Let l be h(-4). Let q(d) = 0 - 5*d + 9 + 8 - 12 - d**l. Determine q(s).
9
Suppose -j - 6 = 2*j. Let u be (2/(-4) + -1)*-2. Let h(f) = 0 + 1 + 3 - f - u - f**2. Determine h(j).
-1
Let u(x) be the third derivative of 2*x**2 + 2/3*x**3 + 0*x + 0 + 1/24*x**4. Determine u(-4).
0
Let u be 2 + -10 - 1 - -2. Let n(y) = 122 - y - 122. Calculate n(u).
7
Suppose m - 1 = 2*p, 2*m + 10 = p + 3. Let d(v) = v**2 + 2*v - 4. Give d(p).
-1
Let f(k) = -2*k. Suppose 0 = -7*x + 2*x - 5*v - 10, x - v - 8 = 0. Suppose x*s = -2*s + 55. Let a = s + -8. Determine f(a).
-6
Let m(h) be the third derivative of 5*h**2 - 1/3*h**3 + 0 - 1/24*h**4 + 1/60*h**5 + 0*h. Give m(-3).
10
Let k(b) = -b + 1. Let p be (2 + 0)*(3 + -2). What is k(p)?
-1
Let q(l) = -l**3 - 8*l**2 - 6*l + 7. Suppose 3*t - 4*x + 37 + 0 = 0, 0 = -4*t - 5*x - 8. What is q(t)?
0
Let n(v) = -3*v + 4*v + 1 - 6. Suppose 3*q + 17 = 2*q. Let p = -13 - q. What is n(p)?
-1
Let i = 8 - 4. Let h(r) = -r**2 + 4*r + 1. Give h(i).
1
Let y be (-35)/11 - (-2)/11. Let a(f) = -f**2 + 1. Calculate a(y).
-8
Let f(p) = -p**3 + 5*p**2 - 3*p - 4. Let o be f(3). 